{"id":235,"date":"2024-09-12T14:31:31","date_gmt":"2024-09-12T12:31:31","guid":{"rendered":"https:\/\/zahnarztpraxis-bigge.ch\/?page_id=235"},"modified":"2024-09-12T14:31:31","modified_gmt":"2024-09-12T12:31:31","slug":"oralchirurige-in-doettingen","status":"publish","type":"page","link":"https:\/\/zahnarztpraxis-bigge.ch\/?page_id=235","title":{"rendered":"Oralchirurige in D\u00f6ttingen"},"content":{"rendered":"\n<p>Gerne bieten wir Ihnen auch oralchirurgische Eingriffe in der Zahnarztpraxis-Bigge an. Privatdozent Dr. Stefan St\u00fcbiger ist als Facharzt f\u00fcr Oralchirurgie zu vereinbarten Zeiten f\u00fcr Sie da, um diese Behandlungen f\u00fcr Sie bei uns in D\u00f6ttingen vorzunehmen.<\/p>\n\n\n\n<p>Gerne m\u00f6chten wir eine kurze wesentliche \u00dcbersicht \u00fcber die Behandlungsm\u00f6glichkeit geben:<\/p>\n\n\n\n<ul class=\"wp-block-list\">\n<li>Entfernung von Weisheitsz\u00e4hnen<\/li>\n\n\n\n<li>Implantationen<\/li>\n\n\n\n<li>Implantation mit Sinuslift (Schaffung f\u00fcr Halt im Oberkiefer bei wenig Knochenabgebot)<\/li>\n\n\n\n<li>Freilegung von verlagerten Z\u00e4hnen zur kieferorthop\u00e4dischen Einordnung in den Zahnbogen<\/li>\n\n\n\n<li>Entfernung von Wurzelspitzen (Wurzelspitzenresektion)<\/li>\n\n\n\n<li>Entfernen von komplizieren Z\u00e4hnen<\/li>\n\n\n\n<li>Parodontalchirurgische Eingriffe <\/li>\n<\/ul>\n","protected":false},"excerpt":{"rendered":"<p>Gerne bieten wir Ihnen auch oralchirurgische Eingriffe in der Zahnarztpraxis-Bigge an. Privatdozent Dr. Stefan St\u00fcbiger ist als Facharzt f\u00fcr Oralchirurgie zu vereinbarten Zeiten f\u00fcr Sie da, um diese Behandlungen f\u00fcr Sie bei uns in D\u00f6ttingen vorzunehmen. Gerne m\u00f6chten wir eine kurze wesentliche \u00dcbersicht \u00fcber die Behandlungsm\u00f6glichkeit geben:<\/p>\n","protected":false},"author":1,"featured_media":0,"parent":0,"menu_order":0,"comment_status":"closed","ping_status":"closed","template":"","meta":{"footnotes":""},"class_list":["post-235","page","type-page","status-publish","hentry"],"_links":{"self":[{"href":"https:\/\/zahnarztpraxis-bigge.ch\/index.php?rest_route=\/wp\/v2\/pages\/235","targetHints":{"allow":["GET"]}}],"collection":[{"href":"https:\/\/zahnarztpraxis-bigge.ch\/index.php?rest_route=\/wp\/v2\/pages"}],"about":[{"href":"https:\/\/zahnarztpraxis-bigge.ch\/index.php?rest_route=\/wp\/v2\/types\/page"}],"author":[{"embeddable":true,"href":"https:\/\/zahnarztpraxis-bigge.ch\/index.php?rest_route=\/wp\/v2\/users\/1"}],"replies":[{"embeddable":true,"href":"https:\/\/zahnarztpraxis-bigge.ch\/index.php?rest_route=%2Fwp%2Fv2%2Fcomments&post=235"}],"version-history":[{"count":2,"href":"https:\/\/zahnarztpraxis-bigge.ch\/index.php?rest_route=\/wp\/v2\/pages\/235\/revisions"}],"predecessor-version":[{"id":312,"href":"https:\/\/zahnarztpraxis-bigge.ch\/index.php?rest_route=\/wp\/v2\/pages\/235\/revisions\/312"}],"wp:attachment":[{"href":"https:\/\/zahnarztpraxis-bigge.ch\/index.php?rest_route=%2Fwp%2Fv2%2Fmedia&parent=235"}],"curies":[{"name":"wp","href":"https:\/\/api.w.org\/{rel}","templated":true}]}}