{"id":308,"date":"2024-09-12T14:31:18","date_gmt":"2024-09-12T12:31:18","guid":{"rendered":"https:\/\/zahnarztpraxis-bigge.ch\/?page_id=308"},"modified":"2024-09-12T14:46:51","modified_gmt":"2024-09-12T12:46:51","slug":"kinderbehandlung","status":"publish","type":"page","link":"https:\/\/zahnarztpraxis-bigge.ch\/?page_id=308","title":{"rendered":"Kinderbehandlung"},"content":{"rendered":"\n<p>Gerne k\u00fcmmern wir uns um die jungen Patienten und gestallten das Erlebnis einer Zahnbehandlung angenehm. Wir erkl\u00e4ren dem Kind in einer altersgerechten Sprache welche Z\u00e4hne wieder gesund gemacht werden und wie wir das anstellen.<\/p>\n\n\n\n<p>Als weiteres Hilfsmittel haben wir Lachgas f\u00fcr unsere jungen Patienten, die hierdurch leicht entspannen und somit gut bei der Behandlung mitmachen k\u00f6nnen. Damit Alles noch angenehmer wird, k\u00f6nnen wir Z\u00e4hne mit unserem \u201eZauberstab\u201c (The Wand) f\u00fcr die Behandlung schlafen legen.<\/p>\n\n\n\n<p>Wenn die Z\u00e4hne in Ihrer Stellung korrigiert werden sollen oder Wachstum gef\u00f6rdert werden sollte, k\u00f6nnen wir bei uns in der Praxis die kieferorthop\u00e4dische Behandlung durch unsere Fachzahn\u00e4rztin f\u00fcr Sie durchf\u00fchren. Sie finden Alles bei uns in unserer Praxis.<\/p>\n\n\n\n<p>Wir sind gerne f\u00fcr Sie da.<\/p>\n","protected":false},"excerpt":{"rendered":"<p>Gerne k\u00fcmmern wir uns um die jungen Patienten und gestallten das Erlebnis einer Zahnbehandlung angenehm. Wir erkl\u00e4ren dem Kind in einer altersgerechten Sprache welche Z\u00e4hne wieder gesund gemacht werden und wie wir das anstellen. Als weiteres Hilfsmittel haben wir Lachgas f\u00fcr unsere jungen Patienten, die hierdurch leicht entspannen und somit gut bei der Behandlung mitmachen [&hellip;]<\/p>\n","protected":false},"author":1,"featured_media":0,"parent":0,"menu_order":0,"comment_status":"closed","ping_status":"closed","template":"","meta":{"footnotes":""},"class_list":["post-308","page","type-page","status-publish","hentry"],"_links":{"self":[{"href":"https:\/\/zahnarztpraxis-bigge.ch\/index.php?rest_route=\/wp\/v2\/pages\/308","targetHints":{"allow":["GET"]}}],"collection":[{"href":"https:\/\/zahnarztpraxis-bigge.ch\/index.php?rest_route=\/wp\/v2\/pages"}],"about":[{"href":"https:\/\/zahnarztpraxis-bigge.ch\/index.php?rest_route=\/wp\/v2\/types\/page"}],"author":[{"embeddable":true,"href":"https:\/\/zahnarztpraxis-bigge.ch\/index.php?rest_route=\/wp\/v2\/users\/1"}],"replies":[{"embeddable":true,"href":"https:\/\/zahnarztpraxis-bigge.ch\/index.php?rest_route=%2Fwp%2Fv2%2Fcomments&post=308"}],"version-history":[{"count":4,"href":"https:\/\/zahnarztpraxis-bigge.ch\/index.php?rest_route=\/wp\/v2\/pages\/308\/revisions"}],"predecessor-version":[{"id":318,"href":"https:\/\/zahnarztpraxis-bigge.ch\/index.php?rest_route=\/wp\/v2\/pages\/308\/revisions\/318"}],"wp:attachment":[{"href":"https:\/\/zahnarztpraxis-bigge.ch\/index.php?rest_route=%2Fwp%2Fv2%2Fmedia&parent=308"}],"curies":[{"name":"wp","href":"https:\/\/api.w.org\/{rel}","templated":true}]}}